z(6).
1
Let x be (-2)/7 - (-2)/7. Let r(j) = -j - 56. Let f(v) = -9. Let g(d) = -5*f(d) + r(d). What is g(x)?
-11
Let m(r) be the first derivative of r**4/4 - 11*r**3/3 + 5*r**2 + 6*r - 77. Determine m(10).
6
Let c(t) = t**2 - 2*t + 1. Let y(r) = -r**2 + r. Let b(h) = c(h) + 3*y(h). What is b(1)?
0
Let a be -2 - (10/25 - 135/25). Let y(b) = -b**3 + b**2 + 4*b + 1. Determine y(a).
-5
Let j = 1088 - 1076. Let i(s) = s + 3. Give i(j).
15
Let o(k) = -k**2 + 1. Let i(y) = -y. Let p(b) = -i(b) + o(b). Determine p(-4).
-19
Let c(s) = -s**3 - 7*s**2 + 8*s + 1. Suppose n - 5*x = -18, 3*n - 4*n = 4*x. Determine c(n).
1
Let n(x) = -x - 1. Let l(m) = 9*m - 3. Let g(o) = l(o) - 2*n(o). Suppose 702 - 708 = 6*h. Give g(h).
-12
Suppose 69*n = 77*n - 40. Let k(b) = b - 5. Give k(n).
0
Let q(x) = -9*x - 3. Let n be q(-2). Let i be n + (-1 - 0)/1. Suppose 2*y = -4*o - 22, y - 6*o = -3*o + i. Let s(l) = 6*l**3 + 2*l + 1. Calculate s(y).
-7
Let c = -17 - 2. Let t = 21 + c. Let x(s) = -2*s**3 + 2*s**2 - 3*s + 1. Give x(t).
-13
Let a(r) = 11*r**3 + 9*r**2 - 9*r + 1. Let g(z) = 14*z**3 + 8*z**2 - 8*z. Let i(l) = -5*a(l) + 4*g(l). What is i(12)?
7
Let y(g) = 32*g - 33*g - 3 - 2. Let u be y(-3). Let m(b) be the second derivative of b**5/20 + b**4/12 + b**3/3 + b**2/2 + 2*b. What is m(u)?
-7
Suppose j + 6 = -f, 73 = -2*j + 2*f + 85. Let d(v) be the third derivative of -v**4/24 - 5*v**3/6 + v**2. What is d(j)?
-5
Let b = -42/17 - -245/51. Let g(c) be the first derivative of -b*c**3 + 4 - 5/2*c**2 - 1/4*c**4 + 6*c. Give g(-6).
0
Let j = 150 - 145. Let t(h) = -3*h - 2 - 2 + j. Determine t(1).
-2
Let b(f) = f**2 - 15*f + 24. Let u be ((-39)/(-27))/((-24)/(-216)). Determine b(u).
-2
Let s(m) be the second derivative of m**3/6 - m**2/2 - 38*m. Let i = 12 - 9. Let a be -4 - ((1 - i) + 5). Give s(a).
-8
Suppose 4*g = 3*d + d - 24, 4*g = 2*d - 20. Let l = -25 + 31. Let w(z) = 3 - l + 2*z + 4 + 0*z. Calculate w(d).
5
Let a(v) be the third derivative of 14*v**2 + 1/120*v**6 + 0*v - 1/2*v**3 - 1/20*v**5 + 5/24*v**4 + 0. What is a(3)?
12
Let m(d) = -4*d**2 + 9*d + 25. Let y(g) = -6*g**2 + 13*g + 38. Let j(l) = 7*m(l) - 5*y(l). What is j(5)?
25
Let l be 5/90*177 - 2/(-12). Let y(r) = r**3 - 11*r**2 + 5*r - 11. What is y(l)?
-61
Let d = 6 - 4. Let i(o) = -5*o + d*o + o**2 - 2*o + 5 + 4*o. Suppose -4*t = -0*t. Calculate i(t).
5
Let h(j) = -2*j**2 + 8*j + 7. Let d(r) = r**2 - 1. Let q(y) = -4*d(y) - h(y). Suppose -4*k - 17 = -2*f + 7*f, 0 = f - 2*k + 9. Give q(f).
-13
Suppose w + 8 - 15 = a, 2 = 2*a + 2*w. Let x(v) = -v**3 - 3*v**2 - 3*v - 6. What is x(a)?
3
Let n(f) = f**2 - 10*f - 1. Let l be n(9). Let c(t) = t**2 + 9*t - 10. Calculate c(l).
0
Suppose 9*u - 26 = 10. Suppose 18 = 4*y - 114. Let t(l) = 1 + 3 - 35*l + y*l - 3. Give t(u).
-7
Suppose 4*u - 12 = 0, 2*j - u = -3*j - 33. Let k be -5 - -15*j/(-9). Let a(i) be the second derivative of -i**4/12 + 2*i**3/3 + 7*i**2/2 + i. Calculate a(k).
2
Let l(b) be the first derivative of b**2/2 - 2*b + 181. Determine l(-5).
-7
Suppose q - 140 = -4*q. Suppose 20*d - 463 = 37. Let f = d - q. Let u(g) = -g**2 + g + 1. Give u(f).
-11
Let o(x) = 6*x**2 - 16*x - 37. Let v(f) = -f**2. Let k(p) = o(p) + 5*v(p). Let w be k(18). Let b(g) = 7*g**2. Determine b(w).
7
Let u be (-3)/(-1) + (6/12 - 3). Let b(s) be the first derivative of 7*s + u*s**2 + 2. Give b(-3).
4
Let l(x) = x**3 + 4*x**2 - 4*x + 6. Let u be l(-5). Let m(b) = 2*b - 1 + 2 + u + 2. Determine m(-3).
-2
Let y(h) be the first derivative of 1/4*h**4 + h**2 - h + 5/3*h**3 - 2. Suppose 0 = -59*p + 2*p - 171. Calculate y(p).
11
Let f(t) = -7*t - 6 + 6 + t**3 + 5*t**2. Suppose -12 = -6*s + 3*s. Suppose s*y + 6 = 3*y. Calculate f(y).
6
Let h(n) = 5*n**2 + 6*n - 8. Let q(m) = 12*m**2 + 11*m - 19. Let r(s) = 5*h(s) - 2*q(s). Let o(v) = v**2 + v - 7. Let y be o(0). What is r(y)?
-9
Let g(f) be the second derivative of f**4/12 + 5*f**3/6 + 3*f**2/2 - 17*f. Let o(h) = -h**2 - 7*h + 13. Let p be o(2). Calculate g(p).
3
Let l(v) = v**2 + 3*v - 1. Suppose -25 = -5*c + 3*a, -5*a + 10*a = 4*c - 33. Suppose -c - 9 = 2*x - 5*r, -5*r + 14 = -3*x. Determine l(x).
-1
Let c be (-8)/32*4/1. Let r(o) = -16*o**2 + 7. Let y(f) be the first derivative of -16*f**3/3 + 6*f - 2. Let t(l) = 5*r(l) - 6*y(l). Determine t(c).
15
Let h(m) = 1 - m - 3 + 3 - 5*m**2 + 0 + 2247*m**3 - 2248*m**3. Suppose 2*g + 20 = -2*g. What is h(g)?
6
Let m be (-891)/(-189) - 2/(-7). Let d(p) = -3*p**3 - 8*p**2 - 4*p + 1. Let r(s) = 7*s**3 + 17*s**2 + 8*s - 2. Let z(o) = 9*d(o) + 4*r(o). Calculate z(m).
6
Let j be (1 - -3) + ((-12)/6 - -3). Let v(l) = l**3 - 3*l**2 - 4*l - 6. What is v(j)?
24
Let b(v) = -3*v - 18. Let w be b(-7). Suppose -15 = -2*o - w*k, -o + 3*k - 23 = -8. Let y(m) = m - 4. Give y(o).
-4
Suppose -3*w + 6*d = 5*d + 2, -4*d = 16. Let x(s) = 2*s. Give x(w).
-4
Let m(u) be the third derivative of u**4/24 + u**3/3 + 159*u**2. Let a be 1/2 - 7/2. Let i be m(a). Let j(k) = -13*k. Give j(i).
13
Let z(i) be the third derivative of 1/24*i**4 + 1/60*i**5 + 2*i**2 + 0 + 0*i - 2/3*i**3. What is z(4)?
16
Let b(v) be the third derivative of -v**4/4 + v**2. Let f(y) = y**3 + 38*y**2 - 36*y + 119. Let q be f(-39). Determine b(q).
-12
Suppose -g - 24 + 71 = 0. Suppose -g = -2*j - 15. Let a be j/6*3/2. Let t(n) = 2*n + 3. What is t(a)?
11
Let i(m) = -3*m**2 - 7*m - 23. Let q(p) = -5*p**2 - 14*p - 44. Let f(j) = 7*i(j) - 4*q(j). Determine f(8).
7
Let z(n) be the second derivative of n**6/60 - n**5/30 - n**4/8 - n**3/2 - 2*n**2 - 19*n. Let j(a) be the first derivative of z(a). Calculate j(-2).
-21
Let z(k) = k**2 - k - 3. Suppose 15*f - 18 - 27 = 0. Suppose f*o + 0*o = 2*n + 5, -2*o - 10 = -4*n. Calculate z(o).
17
Let k(i) = 5*i - 9*i + 3 + 3*i + 5. Determine k(6).
2
Let t(u) = 9*u + 1. Let m(s) = -4*s - 1. Let g(o) = 7*m(o) + 3*t(o). Let b = 30 - 27. Let n be (2/b)/(6/(-27)). Calculate g(n).
-1
Let z(j) be the third derivative of -j**4/24 + 2*j**3/3 + 3*j**2. Let h be (-4)/54 + (-8798)/2241. Determine z(h).
8
Let w be (-23)/7 + 6/21. Let b(p) be the third derivative of p**6/120 + p**5/30 - p**3/6 - 10*p**2. Determine b(w).
-10
Let u(z) be the first derivative of -7*z**2/2 - 5*z - 26. Let c(h) = -3*h - 2. Let s(a) = 5*c(a) - 2*u(a). Determine s(5).
-5
Let x(d) = -d**2 - 39*d - 38. Let l be x(-38). Let y = 1 + 1. Let u(n) = 8*n**2 + l - 4 - n - 7*n**y. Give u(3).
2
Let p(u) = -u - 19. Let g be p(-12). Let b(j) = -69 + 30 - j + 33. Determine b(g).
1
Let z(u) be the third derivative of u**5/60 - 5*u**4/24 - u**3/2 - 158*u**2. Give z(7).
11
Let y(v) = v**3 - 10*v**2 - 14*v + 12. Let n(z) = z**2 + 2*z - 1. Suppose -k - 16 = k + 2*p, -4*k + 3 = -3*p. Let h(a) = k*n(a) - y(a). Determine h(8).
-9
Let f be -4 - (-4)/(-6)*-24. Let v(g) = g**2 - 12*g - 10. Calculate v(f).
-10
Let t be 24/(-32)*-1*4. Suppose -5*i + 1 = -t*b, -b + 5*b = -5*i + 22. Suppose -i*z + 18 = 5*r, r - 2 + 4 = z. Let f(c) = -c**2 - 3*c + 3. What is f(r)?
-7
Suppose 0 = 2*z - 17 + 3. Let c(y) = y**3 + z + y**2 + 0*y + y - 2*y**3 + 0*y. Suppose -d - 1 = -0, 0 = -h + 2*d + 2. Calculate c(h).
7
Let h(t) = -4*t**3 + 2*t**2 + 2*t + 1. Let y(c) = c**2 + 9*c - 21. Let o be y(-11). Suppose -2*g + g = o. Give h(g).
5
Let r(i) = 7*i - 151. Let f be r(21). Let s(k) = -k**2 - k + 4. Give s(f).
-8
Let d(v) = -9*v**2 - 1. Let i = -34 - -18. Let u be (-1)/4 + (-52)/i. Suppose 3*c = 3, 6*l - u*l - 4*c = -1. What is d(l)?
-10
Let q(b) = 3*b**2 + b - 3*b - b. Let k be 9*(4 + -7)/(-9). Suppose 0 = k*w + 2*w - 2*p - 18, -8 = 2*w + 3*p. Determine q(w).
6
Suppose 0 = -2*j + 5*u + 27, -6 = -3*j - 6*u + 2*u. Let w(f) be the first derivative of f**4/4 - 2*f**3 + f**2 - 5*f - 1. Calculate w(j).
7
Suppose -8*d = -23 - 1. Let k(j) = -j**2 - 23 + 22 + 2*j**d + 2*j - 3*j**3. Give k(1).
-1
Let q(x) = -7*x**2 + 37*x - 10. Let s be q(5). Let h(l) = -l**3 - l**2 + l + 2. Give h(s).
2
Let s(g) = -4*g**2 - 9*g - 6. Let y(z) = -11*z**2 - 27*z - 19. Let t(b) = -8*s(b) + 3*y(b). Let q(d) = -d**2 + 57*d - 548. Let i be q(12). Determine t(i).
-1
Let f(b) = -5*b - 1. Let w(u) = 3*u. Let p(x) = -4*f(x) - 7*w(x). Let i be p(0). Let q(d) = -d**2 + 5*d - 1. Give q(i).
3
Let v(o) = 53*o - 13*o - o**2 - 18*o + 6 - 14*o. Determine v(7).
13
Suppose -f - l + 7 = -1, -3*l + 34 = 4*f. Suppose -7*t = -12*t + f. Let n(m) = -21*m + m**t